reds digit of 1337?
3
What is the units digit of 3621?
1
What is the units digit of 14735?
5
What is the tens digit of 36302?
0
What is the tens digit of 18530?
3
What is the tens digit of 2398?
9
What is the tens digit of 2757?
5
What is the hundreds digit of 3462?
4
What is the thousands digit of 83638?
3
What is the tens digit of 1241?
4
What is the tens digit of 8942?
4
What is the tens digit of 851?
5
What is the thousands digit of 2607?
2
What is the tens digit of 1101?
0
What is the units digit of 24969?
9
What is the ten thousands digit of 25727?
2
What is the thousands digit of 9541?
9
What is the thousands digit of 68141?
8
What is the hundred thousands digit of 176786?
1
What is the ten thousands digit of 21800?
2
What is the units digit of 899?
9
What is the tens digit of 71?
7
What is the hundreds digit of 4801?
8
What is the hundreds digit of 948?
9
What is the tens digit of 17?
1
What is the thousands digit of 6125?
6
What is the tens digit of 4221?
2
What is the hundreds digit of 2692?
6
What is the hundreds digit of 163?
1
What is the thousands digit of 2134?
2
What is the units digit of 1322?
2
What is the hundreds digit of 924?
9
What is the ten thousands digit of 13387?
1
What is the hundreds digit of 7965?
9
What is the thousands digit of 1021?
1
What is the units digit of 205?
5
What is the units digit of 13734?
4
What is the hundreds digit of 3548?
5
What is the hundreds digit of 2148?
1
What is the tens digit of 183441?
4
What is the tens digit of 231?
3
What is the thousands digit of 78135?
8
What is the thousands digit of 1208?
1
What is the ten thousands digit of 38276?
3
What is the ten thousands digit of 33034?
3
What is the thousands digit of 1350?
1
What is the tens digit of 1316?
1
What is the tens digit of 2261?
6
What is the tens digit of 11776?
7
What is the hundreds digit of 69993?
9
What is the hundreds digit of 19380?
3
What is the units digit of 1307?
7
What is the hundreds digit of 243?
2
What is the hundreds digit of 1623?
6
What is the thousands digit of 71048?
1
What is the tens digit of 2091?
9
What is the hundreds digit of 15962?
9
What is the tens digit of 1762?
6
What is the tens digit of 3768?
6
What is the tens digit of 447?
4
What is the thousands digit of 4024?
4
What is the tens digit of 994?
9
What is the tens digit of 2331?
3
What is the thousands digit of 1291?
1
What is the hundreds digit of 1603?
6
What is the tens digit of 4781?
8
What is the units digit of 13341?
1
What is the hundreds digit of 33096?
0
What is the units digit of 1282?
2
What is the units digit of 721?
1
What is the tens digit of 27580?
8
What is the thousands digit of 1407?
1
What is the tens digit of 23723?
2
What is the thousands digit of 93480?
3
What is the hundreds digit of 3475?
4
What is the thousands digit of 4604?
4
What is the hundreds digit of 738?
7
What is the thousands digit of 197799?
7
What is the thousands digit of 2155?
2
What is the ten thousands digit of 11155?
1
What is the tens digit of 912?
1
What is the ten thousands digit of 65313?
6
What is the hundreds digit of 17001?
0
What is the hundreds digit of 87101?
1
What is the units digit of 1502?
2
What is the tens digit of 15723?
2
What is the units digit of 36?
6
What is the tens digit of 1375?
7
What is the hundreds digit of 4264?
2
What is the units digit of 1504?
4
What is the hundreds digit of 7209?
2
What is the tens digit of 1048?
4
What is the tens digit of 5598?
9
What is the units digit of 5597?
7
What is the thousands digit of 140086?
0
What is the units digit of 5332?
2
What is the units digit of 92078?
8
What is the hundreds digit of 8242?
2
What is the thousands digit of 24705?
4
What is the hundreds digit of 2541?
5
What is the tens digit of 351?
5
What is the tens digit of 8684?
8
What is the units digit of 35657?
7
What is the units digit of 15213?
3
What is the thousands digit of 25630?
5
What is the tens digit of 1403?
0
What is the hundreds digit of 16122?
1
What is the hundreds digit of 3974?
9
What is the tens digit of 38?
3
What is the tens digit of 4975?
7
What is the tens digit of 10776?
7
What is the tens digit of 13688?
8
What is the thousands digit of 3151?
3
What is the tens digit of 158?
5
What is the tens digit of 212?
1
What is the ten thousands digit of 52992?
5
What is the thousands digit of 5004?
5
What is the units digit of 5334?
4
What is the tens digit of 1171?
7
What is the thousands digit of 20419?
0
What is the ten thousands digit of 40102?
4
What is the units digit of 2517?
7
What is the hundreds digit of 73441?
4
What is the tens digit of 701?
0
What is the units digit of 21211?
1
What is the units digit of 38691?
1
What is the ten thousands digit of 11290?
1
What is the tens digit of 20754?
5
What is the thousands digit of 5503?
5
What is the thousands digit of 5602?
5
What is the ten thousands digit of 123706?
2
What is the ten thousands digit of 57795?
5
What is the tens digit of 851?
5
What is the thousands digit of 59051?
9
What is the hundreds digit of 10839?
8
What is the hundreds digit of 526?
5
What is the hundreds digit of 28841?
8
What is the units digit of 572?
2
What is the tens digit of 741?
4
What is the units digit of 1089?
9
What is the tens digit of 527?
2
What is the hundreds digit of 82172?
1
What is the hundreds digit of 3266?
2
What is the hundreds digit of 10852?
8
What is the units digit of 2817?
7
What is the hundreds digit of 51595?
5
What is the tens digit of 1128?
2
What is the hundreds digit of 727?
7
What is the ten thousands digit of 31856?
3
What is the tens digit of 4776?
7
What is the units digit of 397?
7
What is the tens digit of 736?
3
What is the units digit of 1244?
4
What is the units digit of 611?
1
What is the thousands digit of 31831?
1
What is the tens digit of 11940?
4
What is the units digit of 51906?
6
What is the thousands digit of 4960?
4
What is the hundreds digit of 1133?
1
What is the thousands digit of 23351?
3
What is the hundreds digit of 187?
1
What is the thousands digit of 6394?
6
What is the ten thousands digit of 18860?
1
What is the units digit of 13776?
6
What is the hundreds digit of 2829?
8
What is the tens digit of 77322?
2
What is the tens digit of 1467?
6
What is the units digit of 823?
3
What is the hundreds digit of 6929?
9
What is the thousands digit of 34775?
4
What is the hundreds digit of 59419?
4
What is the units digit of 5412?
2
What is the thousands digit of 4877?
4
What is the hundreds digit of 740?
7
What is the thousands digit of 2134?
2
What is the tens digit of 1566?
6
What is the units digit of 29484?
4
What is the tens digit of 820?
2
What is the thousands digit of 101756?
1
What is the ten thousands digit of 11298?
1
What is the hundreds digit of 36423?
4
What is the units digit of 2245?
5
What is the thousands digit of 5931?
5
What is the hundreds digit of 732?
7
What is the tens digit of 102862?
6
What is the hundreds digit of 3817?
8
What is the thousands digit of 3126?
3
What is the hundreds digit of 2964?
9
What is the hundreds digit of 55482?
4
What is the hundreds digit of 503?
5
What is the tens digit of 1986?
8
What is the thousands digit of 4238?
4
What is the thousands digit of 10394?
0
What is the tens digit of 676?
7
What is the ten thousands digit of 57354?
5
What is the hundreds digit of 6316?
3
What is the units digit of 20212?
2
What is the thousands digit of 41020?
1
What is the hundreds digit of 2222?
2
What is the thousands digit of 4514?
4
What is the units digit of 1374?
4
What is the thousands digit of 20911?
0
What is the hundreds digit of 2567?
5
What is the thousands digit of 5119?
5
What is the units digit of 3860?
0
What is the tens digit of 16805?
0
What is the hundreds digit of 449?
4
What is the tens digit of 11181?
8
What is the hundreds digit of 616?
6
What is the units digit of 1253?
3
What is the ten thousands digit of 83746?
8
What is the thousands digit of 3125?
3
What is the ten thousands digit of 31377?
3
What is the tens digit of 4267?
6
What is the hundreds digit of 1978?
9
What is the hundreds digit of 3718?
7
What is the ten thousands digit of 24560?
2
What is the hundreds digit of 971?
9
What is the hundreds digit of 856?
8
What is the hundreds digit of 1291?
2
What is the